l). Is c(4) a composite number?
False
Let d be (-9)/(-3) + 1 + -1 + 894. Suppose d = -6*k + 5103. Is k a composite number?
False
Let h(n) be the second derivative of n**4/4 + 2*n**3/3 + 2*n**2 + 2*n. Let b = 23 + -32. Is h(b) composite?
False
Is 12/(-6) - (-3282 - 19) a prime number?
True
Suppose 2978 = -p + 28035. Is p composite?
False
Suppose 3*w + 2*w = 2*i - 3186, 3174 = -5*w - 2*i. Let m = w - -2357. Is m a prime number?
True
Let f = -5 - 25. Let v = f + 61. Is v a prime number?
True
Let t(l) be the third derivative of -l**4/3 + 13*l**3/6 + 13*l**2. Is t(-12) a prime number?
True
Let s be (-18)/(-12)*(-4)/6. Let b be s*(2 + 8/(-4)). Suppose 0 = -4*j - 3*h + 1171, -2*j + b*j + 602 = -4*h. Is j a prime number?
False
Let j be (20/25)/((-2)/35). Let r = 15 + j. Is 1/r - (-315 - 15) a prime number?
True
Suppose 2*p = 45310 - 1904. Is p composite?
True
Suppose z = 2, 5*q + 2*z + 1974 = 3*q. Let n = q + 1662. Is n composite?
False
Let b(y) = 6*y**2 + 8*y - 11. Is b(-13) prime?
False
Suppose 0 = -4*g - 2*t + 2, 0 = 2*g + 3*g + 4*t - 7. Is -36*(-3 - -2) + g a composite number?
True
Suppose -3*a + 2*a + 5*c - 31 = 0, 11 = -a - 5*c. Let z(m) = -12*m + 41. Is z(a) a prime number?
True
Let o(h) = h**2 + 25*h - 10. Let z be o(-24). Let l be (65/15)/((-2)/(-150)). Let j = l - z. Is j a prime number?
True
Let m be (-4088)/(-8) - 0*(-3)/(-6). Let l = m - 246. Is l a prime number?
False
Let h(z) = -z**3 + z**2 + 1379. Is h(0) a composite number?
True
Suppose 0 = -4*w + 10099 + 17689. Is w a composite number?
False
Let h be (-2971)/(-4) + 12/(-16). Is (-7)/21 + h/3 a prime number?
False
Suppose 23*x = 9*x + 140014. Is x composite?
True
Is 35304/5 + ((-238)/35 - -7) a prime number?
False
Suppose d + 18 = -194. Let j = d + 568. Suppose -y = -3*y + j. Is y a composite number?
True
Suppose 4*o - 24*o + 20180 = 0. Is o a prime number?
True
Suppose 0 = 4*r + 2*u - 8, -2 + 10 = -2*r + 5*u. Suppose -2*k = -r - 1, 5*q = -2*k + 26227. Is q a composite number?
True
Let m = -9 - -11. Suppose 3*j = x - 16, x + 16 = m*j - 7*j. Suppose -x*y + 5*a = -1263, 4*a = -3*y + 3*a + 952. Is y a prime number?
True
Let c = -19 + 24. Suppose 4*u - 5 = -r, 5*r - 4*r - c = u. Suppose u = -0*h - h + 221. Is h prime?
False
Suppose 3*o + o = 116. Let k = o + -14. Suppose i = -0*i + k. Is i prime?
False
Let n be (-127)/2 + 5/10. Let d be (-32)/(-18) + (-14)/n. Suppose 2*k - 539 = -k + d*a, 0 = -k - 5*a + 174. Is k a prime number?
True
Let y(a) = -188*a - 349. Is y(-21) a prime number?
False
Let m(g) = 4*g**3 + 12*g**2 + 5*g + 5. Let y be m(-8). Let k = y + 1880. Is k prime?
False
Let r be 2/(-8) + 45/20. Let k(f) = 13 + 2*f**r - 8*f**2 - 5*f - f**3 + 15*f - 3*f**2. Is k(-10) prime?
True
Suppose 3*n = 4*k + 30, -n - k = k. Let t = 11 - n. Suppose 5*m + 6415 = t*i, -3*i + 3851 = -m - m. Is i prime?
False
Let g(w) = -3*w - 6. Let q be g(5). Let u = 43 + q. Suppose -s = 4*l - 0*s - 36, -3*s = -l + u. Is l a composite number?
True
Let p(q) = 6*q - 1. Let f be p(1). Suppose -2*y = f*w + 41, -y + 2 = -0. Is ((-23)/3)/(1/w) prime?
False
Let p(c) = 2325*c - 3. Let b be p(-4). Let d be b/(-24) - (-3)/8. Suppose -3*v + a + 194 = -v, 2*a = -4*v + d. Is v prime?
True
Suppose 3*x - 793 = 3437. Is ((-78)/8)/((-45)/x)*2 prime?
False
Let w(c) = 50*c**2 - 54*c + 147. Is w(26) prime?
False
Suppose -i + 3779 = 2*v, -4*v + i + 7551 = -4*i. Is v prime?
True
Suppose -3*d + 9 = 198. Let k(t) = -t**3 + 15*t**2 - 14*t - 8. Let h be k(13). Let a = h - d. Is a a composite number?
False
Is 40488/2 - (135/(-15) - -8) composite?
True
Suppose 10 = 7*j - 5*j. Suppose j*x - 1068 = 1357. Is x a composite number?
True
Let q(n) = -25*n**2 - 12*n - 9. Let u(w) = 17*w**2 + 8*w + 6. Let f(a) = -5*q(a) - 7*u(a). Is f(4) a composite number?
True
Let u be (-2)/7 + 2/7. Suppose u*z = -5*z - 5, -b - z = -259. Suppose 75 + 8 = 2*a - 5*l, 0 = -5*a - 5*l + b. Is a composite?
True
Suppose -o - 1655 - 1255 = 0. Let p be o/(-12)*6/5. Let u = 668 - p. Is u composite?
True
Suppose 3*l + 5*o = -44, -5*l - 2*o - 39 = 47. Let s = -25 - l. Let k = s + 78. Is k a composite number?
False
Let t(b) be the third derivative of 31*b**6/120 + b**4/24 - b**3/6 - b**2. Let f be 1*(-11)/33*-3. Is t(f) composite?
False
Let a(o) = o**3 + 7*o**2 - 8*o + 1. Let y = 11 - 9. Suppose 4*x = 2*f + 2*x + 18, -5*f - 24 = y*x. Is a(f) composite?
True
Suppose 15 - 105 = 6*r. Is 485/r*(-1 - 8) a composite number?
True
Is (69924/8 + -10)*(-1 + 3) composite?
True
Suppose -10*k + 805644 - 30304 = 0. Is k a prime number?
False
Suppose -2828 = 232*f - 236*f. Is f composite?
True
Let n(k) = -k**2 + 9*k + 2. Let f be n(7). Let y be (-12)/f + 303/4. Suppose -7*a + 2*a + y = 0. Is a a composite number?
True
Suppose 5*h - 6*h = 5*s - 38303, s - 3*h = 7667. Is s composite?
True
Let s(y) = -18*y**2 + 13*y - 6. Let g(j) = 10*j**2. Let b be g(-1). Let t be s(b). Is (-1)/((8/t)/2) prime?
True
Let n(j) = 127*j**2 - 9*j - 17. Is n(-6) a prime number?
False
Suppose -w - 3 = 3*o, -5*w + 6*w + 2*o = -3. Let j(y) = -6*y + 8*y**2 - 7*y**2 - 7 + 11*y**2 + 0. Is j(w) composite?
True
Let n(m) be the second derivative of m**5/20 - 11*m**4/12 + 4*m**3/3 - m**2/2 - 15*m. Is n(15) prime?
True
Let r = -308 - -553. Suppose z + 84 - r = 0. Is z prime?
False
Let r(b) = b - 2. Let o be r(6). Suppose 0 = -o*i - i + 60. Suppose -4*z + i = -44. Is z composite?
True
Let i = -1495 + 6642. Is i prime?
True
Let l(c) = 19*c**3 + 4*c**2 + 8*c - 5. Let t be l(5). Suppose 0*w + t = 5*w. Is w prime?
False
Let j(a) = -2*a**3 - 5*a - 2. Let t(d) = d**3 - 10*d - 2. Let r(s) = -2*s**3 - s**2 + 21*s + 5. Let g(q) = 4*r(q) + 9*t(q). Let h be g(5). Is j(h) composite?
False
Let q(u) = 17*u**3 - 4*u**2 + 30*u - 14. Is q(5) a composite number?
False
Let m be (-2)/12 + (-8906)/(-12). Is (m/(-4))/((-15)/30) composite?
True
Is -1 - (-26669 + ((-1)/(-1) - 2)) prime?
True
Let n(u) = -2*u + 2. Let q be n(0). Suppose q*s + 5*v - 3026 = -0*s, -4*s + 6100 = -2*v. Is s composite?
False
Let f(o) = o**3 - o**2 - o + 5. Let q be f(0). Is -4 + -1 + 1560/q a prime number?
True
Let q = -148 - 141. Suppose 960 = -0*k - 2*k. Let r = q - k. Is r composite?
False
Let s(u) be the second derivative of u**4/12 + 2*u**3 - 9*u**2/2 - 6*u. Is s(10) prime?
True
Let z = -104 + 103. Let h(p) = -18*p + 0 + 4*p - 1. Is h(z) a prime number?
True
Let u = -11 - -16. Let h = u - 43. Is 6/(-4)*h/3 composite?
False
Let o = -258 - -122. Let y = 619 - 368. Let z = o + y. Is z a prime number?
False
Let n = -11 + 13. Suppose 3*p - 5*k = -1479, k = -n*p - 3*k - 986. Let b = -280 - p. Is b prime?
False
Suppose 0 = -2*r + 3*r. Let u(n) = 4 + n + 58*n**3 + 1 + r*n - 6 + n**2. Is u(2) a composite number?
True
Let b = 2080 + -893. Is b a composite number?
False
Let f(m) = 18*m**3 + 9*m**2 + 8*m - 179. Is f(8) composite?
False
Let s be 3/(-6)*(0 + 0). Suppose s = 9*y - 81 - 90. Is y a prime number?
True
Let h(m) be the second derivative of -m**5/20 + m**3/3 + m**2/2 + 5*m. Let w be h(-1). Suppose 2*r - 119 = v, -2*r - 2*v - v + 107 = w. Is r composite?
True
Let h be (-1 - -5)/((-2)/616). Let b = h + 2355. Is b a prime number?
True
Let i(y) = y**3 - 12*y**2 - 14*y + 14. Let r be i(13). Is 10 + 23 + r + 1 a prime number?
False
Let g be (-4 - -1)*(-2 + (-7516)/6). Suppose 4*y + k - 3853 = g, 5*y - 9530 = -3*k. Is y composite?
True
Let g(m) = 7*m - 1332 + 1263 - 17*m. Is g(-28) a prime number?
True
Suppose 11 = 4*d - 5. Suppose -w + 3*w - 1192 = 0. Suppose -d*c + 0*c = -w. Is c a prime number?
True
Let j(p) = 3*p + p - 46*p**3 + p**2 - 7 + 10. Let u be j(-2). Let l = -252 + u. Is l a prime number?
False
Suppose -g + 1 = g + 3*u, -u - 1 = 2*g. Is g/4 - 922/(-8) a composite number?
True
Suppose 62*i + 20 = 67*i. Is (-4 - -72) + i - (-4 - -2) prime?
False
Let v = -607 + 1320. Is v a composite number?
True
Let s(d) = -301*d + 414. Is s(-7) prime?
True
Let n(g) = -g**3 + g**2 + 3*g - 2. Let w be n(-2). Let f be (w/(-4) - 3) + 637. Suppose -3*q + f = -3*o, 1055 = -q + 6*q - 2*o. Is q a prime number?
True
Suppose 5*p - 2*p - 54 = 0. Let m(n) = -3*n**3 + 2*n**2 + n + 1. Let c be m(-2). Let y = c - p. Is y a composite number?
False
Suppose -z + 122*i + 69986 = 123*i, -z - 3*i = -69988. Is z prime?
False
Let d = -5 + -14. Let x = d + 21. Suppose -3*a + 5*a - 93 = -3*l, -x*l + 10 =